s divided by c(z).
28
Suppose -37 - 8 = -3*h. Let j(o) = 5*o**2 - 2*o - 6. Suppose 4*k = -22*k + 156. Calculate the remainder when j(k) is divided by h.
12
Suppose -3*q = 35 - 20. Let f = q - -2. Let l(u) = u**2 - u + 5. What is the remainder when 33 is divided by l(f)?
16
What is the remainder when 78 is divided by (5*(-32)/(-140))/((-1014)/(-168) - 6)?
14
Suppose 3*l + 359 = -3*v + 941, 368 = 2*l - 2*v. Suppose 7*g + 315 = -l. What is the remainder when 12/g + 1070/12 is divided by 10?
9
Let p = 35548 + -31662. Calculate the remainder when p is divided by 144.
142
Let o = 478 - 469. Suppose -753 - 21 = -o*r. Calculate the remainder when r is divided by 9.
5
Let y(z) = -2*z - 23. Let p be y(-16). Suppose 0 = 3*t - p. What is the remainder when 45 is divided by t?
0
Suppose -a + 416 = 121. Calculate the remainder when a is divided by 38.
29
Let k(u) = -386*u**3 + 4*u**2 + 12*u + 11. Calculate the remainder when k(-1) is divided by 19.
9
Let p be (-48)/18*-3*1. Let f(l) = 7*l - 48. Calculate the remainder when 357 is divided by f(p).
5
Let g(f) = 17*f**2 + f + 1818. What is the remainder when g(0) is divided by 45?
18
What is the remainder when 11206/4 + 385/110 is divided by 216?
213
Suppose -13*a + 4135 - 859 = 0. Suppose 3*h = 0, a = 4*z - 5*h + 104. What is the remainder when z is divided by 10?
7
Calculate the remainder when (-4619)/(-155) + 1/5 is divided by 21.
9
Let f(o) = 2*o**2 + 6*o - 8. Suppose 0 = -14*h - 4*h - 144. What is the remainder when f(h) is divided by 42?
30
Let p(u) = -u**2 - 7*u + 9. Let h be p(-7). Suppose -o + 1 = -h. Calculate the remainder when 13 is divided by (o - 9)*3/1.
1
Let y = -39 + 43. Suppose -k = -y*a - 91, 3*k + 5*a - 143 = k. Suppose -4*b = -4*n - 116, 0 = 2*b + n - 13 - 39. Calculate the remainder when k is divided by b.
25
Let i = -2555 + 2709. What is the remainder when i is divided by 12?
10
Let f(y) = 12*y**2 - 23*y - 149. Calculate the remainder when f(-7) is divided by 27.
6
Calculate the remainder when (-3619)/(-35)*5 + 17 is divided by 107.
106
Suppose 3676 = 4*c + 4*p, 4*c - 4719 = p - 1058. What is the remainder when c is divided by 454?
8
Let u = 3759 + -3723. Calculate the remainder when 137 is divided by u.
29
Suppose 174*b = 196*b - 638. What is the remainder when 122 is divided by b?
6
Suppose -16*b = 4374 - 1478. Let z = -87 - b. Calculate the remainder when z is divided by 11.
6
Let r(y) = y**2 - 5*y + 14. Let f be r(22). Suppose -3*c + f = c. Suppose 0 = -3*j - 29 + 176. Calculate the remainder when c is divided by j.
48
Suppose 0 = 2*m - 4*d - 132, 2*m = -4*d + 38 + 38. Let r = 7 - 10. Let a(z) = 2*z**2 + z + 3. What is the remainder when m is divided by a(r)?
16
Suppose 20*r = 19*r - 5*z - 2, -z - 73 = -2*r. Suppose 161 = 2*l - l. What is the remainder when l is divided by r?
29
Let l(r) = -10*r**2 - 27*r + 164. Let y(w) = 7*w**2 + 26*w - 164. Let c(n) = -2*l(n) - 3*y(n). What is the remainder when 828 is divided by c(-27)?
81
Let t(h) = -2108*h + 126. Let j be t(-5). Suppose 29*v - j = -2401. Calculate the remainder when v is divided by 73.
66
What is the remainder when 411 is divided by 4*(-9)/(-54) - (-2)/(-6)*-1195?
12
Suppose 7996 = 40*s - 11644. Calculate the remainder when s is divided by 19.
16
Calculate the remainder when (-1 - 440)*((-15)/40 + (-286)/176) is divided by 24.
18
Suppose 25670 = 8*v + 12*v - 4810. What is the remainder when v is divided by 151?
14
Let y = 13036 - 12847. What is the remainder when 221 is divided by y?
32
Let m = -5964 + 6296. What is the remainder when m is divided by 46?
10
Let f(j) = 170*j + 2580. Let b(l) = 45*l + 10. Calculate the remainder when b(3) is divided by f(-15).
25
Let t(f) = -2*f**2 + 66*f + 421. What is the remainder when t(36) is divided by 116?
89
Let d = 410 - 476. Calculate the remainder when 329 is divided by (-20)/d*72 - 4/(-22).
21
Suppose -u + 17578 = 4*u + 3*i, -10506 = -3*u + 5*i. What is the remainder when u is divided by 1749?
14
Suppose 0 = 3*i - 3*s - 396, 0 = 3*i - i - 4*s - 274. Suppose 4*v + d - 4*d - 113 = 0, -i = -5*v - d. What is the remainder when 51 is divided by v?
25
Suppose 4*k = -2*u + 46, -4*u + u = -5*k + 74. Suppose -11*s + k*s = 4*m + 48, 0 = -5*s + 2*m + 144. Calculate the remainder when 70 is divided by s.
10
Suppose 3*m + 2021 = 8*m - 4*j, -3*m - 5*j = -1183. Suppose 509 - m = 6*o. Calculate the remainder when 248 is divided by o.
14
Suppose 29*k = -9*k + 228. Calculate the remainder when 238 is divided by k/(-51) - 2*583/(-374).
1
Let x = -38 - -211. Suppose -13*b + x - 69 = 0. Calculate the remainder when 12 is divided by b.
4
Let h be (-2118)/(-78) + 4/(-26). Let i(b) = -b**2 + 24*b + 85. Suppose 8*s - 3 = 5*s. What is the remainder when i(h) is divided by s?
0
Let f(r) = -2*r + 11. Let a be f(-5). Let h = 21 + a. Suppose h*o + 45 = 47*o. Calculate the remainder when 26 is divided by o.
8
Let x = -143 + 142. Let w(c) = -31*c - 10*c - 76*c + 6. Calculate the remainder when w(x) is divided by 21.
18
Suppose 171*x = 180*x - 8955. Let k = 1006 - x. What is the remainder when ((-3)/(-6))/(1/82) is divided by k?
8
Let z(o) = -1168*o + 16. Calculate the remainder when 676 is divided by z(0).
4
Let p(f) = 7*f + 26. Let o = 57 + -57. Calculate the remainder when 75 is divided by p(o).
23
Suppose 0 = -2*w - 2*w + 536. Suppose -2*l = -f - 26, 4*f - 3*l + w = 45. Let d = f - -38. What is the remainder when 87 is divided by d?
15
Let k(z) = 12*z**2 - 102*z - 1557. What is the remainder when k(-13) is divided by 164?
157
Suppose 222 - 10 = 2*z. Let g = -23220 - -23274. Calculate the remainder when z is divided by g.
52
What is the remainder when (626 - -3 - -12) + 8 is divided by 41?
34
Suppose -4*c - 5*n = -1002, c + 6*n - 10*n - 261 = 0. Suppose -3*g + c + 296 = 0. Calculate the remainder when g is divided by 31.
28
Suppose -4*d + 380 = 2*h, h - 4*d - 181 = -9*d. Suppose -5*f + h = -4. Calculate the remainder when 112 is divided by f.
32
Let t(u) = -u**3 + 7*u**2 - 4*u - 4. What is the remainder when (-9 + 8)*27*(0 + (-30)/9) is divided by t(4)?
6
Suppose 3*c - 1165 = 4*s - 3350, s + 3*c = 550. Calculate the remainder when s is divided by 83.
49
Suppose -331 = -2*w - 5. Let x = -150 + w. Calculate the remainder when 74 is divided by x.
9
Let s = 4 + 89. Calculate the remainder when 318 is divided by s.
39
Let z = -7311 - -7545. What is the remainder when 875 is divided by z?
173
Let o be ((-4)/3)/((-7)/21). Suppose -10 = 5*x, o*m - 5*x - 265 = 89. What is the remainder when m is divided by (-6*4/16 + 2)*58?
28
Suppose -27*l + 19009 = -9*l - 10493. Calculate the remainder when l is divided by 97.
87
Let s(d) = d**3 - 14*d**2 - 60*d + 5. Calculate the remainder when 232 is divided by s(18).
11
Suppose -i - 378 = -p, -3*p = i + 325 + 57. Let q = -165 - i. Calculate the remainder when q is divided by 54.
52
Let v(p) = p**3 + 7*p**2 - 2*p + 537. Let w be v(0). Let a = w + -362. What is the remainder when a is divided by 44?
43
Let g(d) = -d**2 + 37*d - 15. Suppose 125*z - 210 = 118*z. What is the remainder when g(9) is divided by z?
27
Calculate the remainder when (-6 + (-22)/(-4))/(((-24)/(-8))/(-1902)) is divided by 54.
47
Suppose -2*s + 1533 = 767. What is the remainder when s is divided by 4?
3
Let n(s) = 470*s + 2391. Calculate the remainder when 6517 is divided by n(-5).
39
Suppose -38 = -5*x - 3*d, -3*x = -0*d - d - 20. Let o(t) = -t**3 + 11*t**2 - 27*t + 5. What is the remainder when 167 is divided by o(x)?
11
Let f(y) = 9*y**2 - 50*y + 38. Let a(h) = 25*h**2 - 150*h + 112. Let q(u) = -3*a(u) + 8*f(u). Calculate the remainder when q(14) is divided by 22.
14
Let z(h) be the second derivative of 29*h + 1/6*h**4 + 0 + 3/2*h**2 - 5/6*h**3. Calculate the remainder when z(-6) is divided by 18.
15
Suppose -h + 2 = 3*l - 12, 0 = -l - 4*h + 1. Suppose -6 = l*t + 9, -64 = -2*m - 2*t. What is the remainder when 71 is divided by m?
1
Suppose 505*l + 2448 = 260*l + 261*l. What is the remainder when 317 is divided by l?
11
Suppose 6*m - 7*m - 9*m = -170. What is the remainder when 2700 is divided by m?
14
Let i(t) = -429*t + 152. Calculate the remainder when i(-5) is divided by 128.
121
Let h(m) = -2*m**3 - 81*m**2 - 43*m - 92. Let i be h(-40). Suppose i*c - 4009 = 9*c. Calculate the remainder when c is divided 